.
-1
Let k(p) = 37095*p - 370818. Calculate k(10).
132
Let g(h) = -h**2 + 15816*h - 47455. Give g(3).
-16
Let l(x) = -5*x**2 + 2653*x - 21333. Determine l(8).
-429
Let f(l) = 35*l**2 - 1944*l + 1050. Give f(55).
5
Let l(t) = -3039*t**2 + 12187*t - 123. Determine l(4).
1
Let v(l) = 1207*l**2 + 137*l + 12. Give v(-2).
4566
Let r(g) = -52*g**3 + 86*g**2 + 21*g - 96. What is r(2)?
-126
Let m(s) = -220*s - 16686. Calculate m(-75).
-186
Let y(n) = -2*n**3 + 4*n**2 + 8*n - 18. Determine y(-9).
1692
Let k(i) = 30*i**2 + 158*i + 45. What is k(-9)?
1053
Let r(b) = 9434*b - 273713. Calculate r(29).
-127
Let l(m) = -m**3 + 97*m**2 + 2751*m - 219703. Give l(103).
-4
Let r(l) = -l**2 + 48053*l - 2831672. Calculate r(59).
-26
Let s(h) = 2*h**3 + 12*h**2 - 4481*h + 21923. What is s(5)?
68
Let v(y) = -4*y**2 - 878*y + 9056. Give v(10).
-124
Let l(u) = -u**3 - 37*u**2 - 223*u + 594. Give l(2).
-8
Let t(u) = u**3 + 43*u**2 - 517*u - 23031. Determine t(-42).
447
Let v(f) = -412*f + 13629. Determine v(26).
2917
Let v(u) = -4985*u + 35036. What is v(7)?
141
Let k(i) = 594*i - 12728. Determine k(21).
-254
Let w(c) = -11*c**3 - 21*c**2 - 17*c - 25. What is w(-5)?
910
Let m(a) = -685*a - 44523. Calculate m(-65).
2
Let k(q) = q**3 - 104*q**2 + 2623*q - 35. Determine k(61).
-35
Let l(m) = -3*m**3 + 82*m**2 - 14*m + 39. Determine l(27).
390
Let p(u) = -6*u**2 - 133189*u + 532775. Give p(4).
-77
Let j(t) = t**2 - 674*t + 19331. Calculate j(30).
11
Let a(j) = -j**3 - 121*j**2 + 408*j + 4369. Give a(-124).
-95
Let x(w) = -8233*w + 172884. Calculate x(21).
-9
Let y(r) = r**2 - 273*r - 303. Give y(0).
-303
Let r(c) = -c**3 - 115*c**2 - 3267*c - 4819. Calculate r(-68).
9
Let n(d) = 23041*d - 875556. What is n(38)?
2
Let n(l) = 2*l**3 - 49*l**2 + 191*l + 853. Calculate n(9).
61
Let q(v) = -17*v**3 + 563*v**2 - 54*v - 389. Give q(33).
7
Let l(h) = -7*h**3 + 96*h**2 - 519*h + 633. What is l(4)?
-355
Let c(p) = -7750*p - 52869. Give c(-7).
1381
Let i(f) = 1311135*f - 7866815. Calculate i(6).
-5
Let r(i) = 468*i**2 - 87511*i - 937. Give r(187).
-2
Let s(h) = h**3 + 21*h**2 - 219*h - 3916. Give s(-24).
-388
Let r(z) = z**2 + 15542*z - 108822. What is r(7)?
21
Let u(k) = -1134*k + 16980. Give u(15).
-30
Let o(c) = -80940*c - 80989. Calculate o(-1).
-49
Let p(m) = -m**3 - 43*m**2 - 35*m - 2990. Give p(-44).
486
Let x(n) = -4873*n**2 - 58440*n + 430. Give x(-12).
-2
Let p(r) = -r**3 - 79*r**2 + 147*r - 383. Give p(-81).
832
Let f(q) = 213*q**2 + 289*q - 45. Give f(1).
457
Let z(a) = 115*a**2 - 329*a - 647. Give z(-2).
471
Let f(z) = -26224*z - 970308. Give f(-37).
-20
Let q(n) = 13*n**2 + 36. Give q(-4).
244
Let s(p) = p**2 + 132*p + 4261. Give s(-63).
-86
Let x(k) = k**3 - 9*k**2 - 214*k + 1067. Calculate x(5).
-103
Let h(r) = 2*r**3 - 66*r**2 - 155*r + 4013. Give h(34).
1055
Let c(k) = -1113*k**2 - 5562*k - 16. Give c(-5).
-31
Let z(t) = 2*t**2 + 4195*t - 1685326. What is z(345)?
-1
Let y(w) = -2*w**2 + 5526*w - 206. Calculate y(0).
-206
Let n(f) = f**2 + 425*f - 348630. Determine n(415).
-30
Let b(q) = q**2 - 5142*q + 997890. What is b(202)?
10
Let x(h) = -7*h**2 + 255*h + 11608. Calculate x(-26).
246
Let s(o) = 120915*o + 846353. Determine s(-7).
-52
Let b(d) = d**3 + 127*d**2 - 481*d - 28754. What is b(-129)?
13
Let l(k) = 13*k**3 - 225*k**2 + 54*k + 75. Determine l(17).
-163
Let i(h) = h**3 - 197*h**2 + 5927*h - 845. Determine i(160).
275
Let z(b) = 10*b**3 - 134*b**2 + 321*b + 9. Determine z(3).
36
Let w(f) = -f**3 + 221*f**2 + 615*f + 12776. What is w(224)?
8
Let y(v) = 2654*v**2 - 76947*v - 6. Determine y(29).
545
Let t(u) = 8682*u - 52231. Give t(6).
-139
Let w(h) = 821*h + 11150. Calculate w(-15).
-1165
Let r(g) = 157*g + 1744. Give r(-6).
802
Let l(k) = -87*k**2 - 245*k + 1290. Give l(5).
-2110
Let r(d) = d**2 + 1076*d + 289337. Give r(-527).
14
Let o(d) = d**2 + 77574*d + 387853. Give o(-5).
8
Let g(a) = a**3 - 111*a**2 + 2638*a - 653. Calculate g(34).
27
Let l(z) = 639*z - 19189. Give l(30).
-19
Let y(o) = o**3 + 252*o**2 + 5268*o + 49. Calculate y(-229).
-180
Let l(o) = 2*o**3 - 16*o**2 - 30*o + 146. What is l(9)?
38
Let z(m) = 104286*m - 2607156. Give z(25).
-6
Let f(p) = 19*p**2 - 298*p - 473. Give f(17).
-48
Let x(g) = -g**2 - 13680*g + 109512. Determine x(8).
8
Let g(u) = 3*u**3 + 525*u**2 - 1564*u - 273670. Give g(-175).
30
Let q(u) = -2*u**3 - 142*u**2 + 907*u - 641. What is q(-77)?
668
Let j(c) = -472*c - 49. Give j(2).
-993
Let z(p) = 24351*p - 7280943. What is z(299)?
6
Let b(t) = -240378*t + 240369. Give b(1).
-9
Let i(j) = -j**3 + 91*j**2 - 3700*j + 348845. Calculate i(92).
-19
Let n(m) = 6*m**2 + 24061*m + 72180. Determine n(-3).
51
Let c(p) = -3553*p - 262765. Determine c(-74).
157
Let m(z) = 21769*z - 217777. Calculate m(10).
-87
Let i(z) = -11428*z + 902824. Give i(79).
12
Let b(c) = -3*c**2 - 150*c - 223. Calculate b(-49).
-76
Let m(i) = -549*i + 3461. Calculate m(6).
167
Let s(w) = -2*w**2 - 323*w + 44356. Give s(88).
444
Let g(a) = -60*a**2 - 14366*a - 6244. Give g(-239).
-30
Let s(q) = 41*q**2 + 2628*q + 10578. What is s(-4)?
722
Let q(x) = 343*x - 16901. What is q(49)?
-94
Let n(o) = -o**3 + 64*o**2 - 284*o - 381. Determine n(6).
3
Let x(z) = -271146*z + 2440325. What is x(9)?
11
Let o(x) = x**3 - 174*x**2 + 1802*x - 1414. Determine o(163).
53
Let q(k) = 1264972*k - 29094356. Calculate q(23).
0
Let b(q) = -q**3 + 46*q**2 + 164*q - 3699. What is b(8)?
45
Let i(b) = 7*b**3 + 3743*b**2 - 1068*b + 1149. Determine i(-535).
79
Let v(h) = 2394801*h + 31132425. Give v(-13).
12
Let c(q) = q**2 + 7*q - 6480. What is c(-84)?
-12
Let q(i) = 8*i**2 + 6311*i - 12621. Determine q(2).
33
Let p(s) = -709*s**2 + 14183*s + 41. Give p(20).
101
Let l(u) = -636*u + 18363. Calculate l(29).
-81
Let i(h) = -3*h**2 - 235*h - 1734. Calculate i(-69).
198
Let f(x) = -2698*x + 482963. Calculate f(179).
21
Let g(v) = -10*v**2 + 1758*v - 5273. Determine g(3).
-89
Let g(d) = -d**3 - 68*d**2 - 193*d - 3994. Give g(-66).
32
Let t(n) = 169*n**2 - 976*n - 85. Calculate t(6).
143
Let r(j) = 2576*j - 759927. Give r(295).
-7
Let a(f) = -f**3 + 167*f**2 - 6163*f + 800. Give a(112).
464
Let u(c) = -2*c**2 - 89*c + 41. Calculate u(-40).
401
Let t(m) = m**3 - 67*m**2 - 202*m + 4205. What is t(69)?
-211
Let o(z) = 8964*z + 179280. Determine o(-20).
0
Let a(u) = u**3 - 37*u**2 - 95*u + 2148. Calculate a(38).
-18
Let g(f) = f**3 + 378*f**2 - 1143*f - 61. Calculate g(-381).
-61
Let f(r) = r**3 + 82*r**2 + 444*r + 39. Calculate f(-6).
111
Let o(n) = -n**2 + 590*n + 61297. What is o(680)?
97
Let o(w) = 680*w + 78830. Give o(-115).
630
Let j(b) = 19094*b - 77925. What is j(4)?
-1549
Let n(v) = 22*v**3 - 38*v**2 - 14*v + 26. Give n(5).
1756
Let w(q) = -178*q**2 - 316*q + 636. Determine w(2).
-708
Let f(h) = 3466*h - 1074604. What is f(310)?
-144
Let n(v) = -v**3 - 29*v**2 - 5563*v - 181050. Calculate n(-32).
38
Let w(h) = -29933*h + 2783782. Determine w(93).
13
Let y(z) = -2978*z - 235247. Calculate y(-79).
15
Let f(a) = 6022*a - 566299. Determine f(94).
-231
Let i(f) = 1795*f - 130999. Give i(73).
36
Let i(v) = 7*v**3 - 2997*v**2 - 5542*v - 20638. Give i(430).
2
Let h(n) = -5*n**2 + 569*n + 934. What is h(115)?
244
Let h(v) = 2977*v + 2851993. Determine h(-958).
27
Let n(b) = -b**3 - 1378*b**2 + 13721*b - 220707. Determine n(-1388).
-15
Let z(t) = -2953*t - 525817. What is z(-178)?
-183
Let s(u) = 1146*u + 16401. Determine s(-14).
357
Let k(m) = -405*m - 3123. Calculate k(-8).
117
Let l(m) = -4159*m - 55150. Give l(-13).
-1083
Let j(g) = -147393*g + 147351. Give j(1).
-42
Let i(y) = -25*y**3 - 4*y**2 + 17*y - 11. Calculate i(1).
-23
Let k(y) = 2*y**2 - 116*y + 3673. Determine k(46).
2569
Let a(c) = c**3 - 92*c**2 + 361*c - 166. Calculate a(88).
626
Let y(a) = 3*a**2 - 407*a - 8198. Determine y(-18).
100
Let v(l) = 216*l**2 + 574*l - 239. Give v(-3).
-17
Let v(s) = -11269*s + 112818. Determine v(10).
128
Let z(c) = 52*c**3 - 569*c**2 - 45*c + 31. Calculate z(11).
-101
Let w(j) = 5*j**3 + 120*j**2 + 545*j - 65. What is w(-6)?
-95
Let k(h) = 8064*h + 48558. Determine k(-6).
174
Let g(x) = 104*x**2 + 973*x + 975. Determine g(-1).
106
Let i(t) = t**2 - 91713*t - 11111902. Determine i(-121).
12
Let m(a) = 193*a**2 + 2505*a + 49. Determine m(-13).
101
Let g(j) = 5*j**2 + 512*j - 160. Determine g(-102).
